{"id":15,"date":"2017-12-11T12:04:46","date_gmt":"2017-12-11T11:04:46","guid":{"rendered":"http:\/\/www.jdw-reunisten.nl\/cms\/?page_id=15"},"modified":"2017-12-11T12:04:46","modified_gmt":"2017-12-11T11:04:46","slug":"in-memoriam-menti-frima","status":"publish","type":"page","link":"https:\/\/www.jdw-reunisten.nl\/cms\/in-memoriam-menti-frima\/","title":{"rendered":"In Memoriam Menti Frima"},"content":{"rendered":"<p><a href=\"http:\/\/www.jdw-reunisten.nl\/cms\/wp-content\/uploads\/2017\/12\/@immentifrima_20081115_0757_158x220.jpg\"><img loading=\"lazy\" decoding=\"async\" class=\"size-medium wp-image-18 alignleft\" src=\"http:\/\/www.jdw-reunisten.nl\/cms\/wp-content\/uploads\/2017\/12\/@immentifrima_20081115_0757_158x220.jpg\" alt=\"\" width=\"158\" height=\"220\" \/><\/a>30 maart 2010 hebben wij onze geliefde voorzitter Drs. H.G. Frima, Menti, verloren.\u00a0 Al v\u00f3\u00f3r de oprichting van de Stichting Re\u00fcnisten Johan de Witt-Gymnasium in 1992, heeft Menti de band met oud-leerlingen warm gehouden.<\/p>\n<p>Zo organiseerde zij in 1973 een re\u00fcnie voor &#8216;haar&#8217; eerste eindexamenklassen. Zij zorgde ervoor, dat een aantal leerlingen meehielp in de organisatie; wij, Henri\u00ebtte en Sylvia, zaten toen in de vierde klas en brachten glazen wijn, stukjes kaas en worst rond. De lokalen op de bovenste verdieping van het gebouw aan de Baden Powelllaan waren gezellig gemaakt en iedereen vermaakte zich prima.<\/p>\n<p>Sinds de jaren &#8217;80 zijn er diverse bijeenkomsten geweest, georganiseerd door Menti samen met Rien Jonkers. Na enige tijd hebben Menti en Wim het initiatief genomen tot de re\u00fcniecommissie. De Stichting Re\u00fcnisten Johan de Witt Gymnasiusm werd op 10 december 1992 opgericht. Menti Frima, inmiddels conrectrix, werd voorzitter.<\/p>\n<p><a href=\"http:\/\/www.jdw-reunisten.nl\/cms\/wp-content\/uploads\/2017\/12\/berichtgeving_407_330.gif\"><img loading=\"lazy\" decoding=\"async\" class=\"alignright wp-image-16 size-full\" src=\"http:\/\/www.jdw-reunisten.nl\/cms\/wp-content\/uploads\/2017\/12\/berichtgeving_407_330.gif\" alt=\"\" width=\"407\" height=\"330\" \/><\/a>Menti heeft elk jaar de zogenaamde &#8220;Kerstbrief&#8221; geschreven om alle re\u00fcnisten op de hoogte te houden van het reilen en zeilen van het Gymnasium.<\/p>\n<p>In 1999 is zij met vervroegd pensioen gegaan en heeft zaken zoals de &#8217;tweede fase&#8217; overgedragen aan de jongere generatie. Desondanks bleef zij persoonlijk ge\u00efnteresseerd in alle ontwikkelingen op school. Een zelfstandig gymnasium blijven bijvoorbeeld vond zij erg belangrijk.<\/p>\n<p><a href=\"http:\/\/www.jdw-reunisten.nl\/cms\/wp-content\/uploads\/2017\/12\/fotos_mentifrima_20141224_317x400.jpg\"><img loading=\"lazy\" decoding=\"async\" class=\"size-medium wp-image-17 alignright\" src=\"http:\/\/www.jdw-reunisten.nl\/cms\/wp-content\/uploads\/2017\/12\/fotos_mentifrima_20141224_317x400-238x300.jpg\" alt=\"\" width=\"238\" height=\"300\" srcset=\"https:\/\/www.jdw-reunisten.nl\/cms\/wp-content\/uploads\/2017\/12\/fotos_mentifrima_20141224_317x400-238x300.jpg 238w, https:\/\/www.jdw-reunisten.nl\/cms\/wp-content\/uploads\/2017\/12\/fotos_mentifrima_20141224_317x400.jpg 317w\" sizes=\"auto, (max-width: 238px) 100vw, 238px\" \/><\/a>In de loop der jaren heeft de Stichting diverse re\u00fcnies georganiseerd. Elke re\u00fcnie weer, was Menti de persoon waar iedereen even mee wilde praten. Zelf kwam ze vaak niet aan eten toe tijdens de re\u00fcnie, omdat zij \u00f3\u00f3k graag van iedereen wilde horen hoe het ging. Ze was geliefd d\u00f3\u00f3r en oprecht ge\u00efnteresseerd \u00edn haar oud-collega&#8217;s en haar oud-leerlingen.<\/p>\n<p>Menti is altijd met hart en ziel verknocht geweest aan de school en haar leerlingen. Voor onze Stichting is zij altijd de spil geweest. Een re\u00fcnie zal voor ons nooit meer hetzelfde zijn zonder haar warmte. Wij zullen proberen om met haar als voorbeeld, de band in stand te houden tussen allen die op enigerlei wijze verbonden zijn (geweest) aan het Johan de Witt-Gymnasium.<\/p>\n","protected":false},"excerpt":{"rendered":"<p>30 maart 2010 hebben wij onze geliefde voorzitter Drs. H.G. Frima, Menti, verloren.\u00a0 Al v\u00f3\u00f3r de oprichting van de Stichting Re\u00fcnisten Johan de Witt-Gymnasium in 1992, heeft Menti de band met oud-leerlingen warm gehouden. Zo organiseerde zij in 1973 een re\u00fcnie voor &#8216;haar&#8217; eerste eindexamenklassen. Zij zorgde ervoor, dat een aantal leerlingen meehielp in de&#8230;<\/p>\n","protected":false},"author":2,"featured_media":0,"parent":0,"menu_order":0,"comment_status":"closed","ping_status":"closed","template":"","meta":{"_exactmetrics_skip_tracking":false,"_exactmetrics_sitenote_active":false,"_exactmetrics_sitenote_note":"","_exactmetrics_sitenote_category":0,"footnotes":""},"class_list":["post-15","page","type-page","status-publish","hentry"],"_links":{"self":[{"href":"https:\/\/www.jdw-reunisten.nl\/cms\/wp-json\/wp\/v2\/pages\/15","targetHints":{"allow":["GET"]}}],"collection":[{"href":"https:\/\/www.jdw-reunisten.nl\/cms\/wp-json\/wp\/v2\/pages"}],"about":[{"href":"https:\/\/www.jdw-reunisten.nl\/cms\/wp-json\/wp\/v2\/types\/page"}],"author":[{"embeddable":true,"href":"https:\/\/www.jdw-reunisten.nl\/cms\/wp-json\/wp\/v2\/users\/2"}],"replies":[{"embeddable":true,"href":"https:\/\/www.jdw-reunisten.nl\/cms\/wp-json\/wp\/v2\/comments?post=15"}],"version-history":[{"count":1,"href":"https:\/\/www.jdw-reunisten.nl\/cms\/wp-json\/wp\/v2\/pages\/15\/revisions"}],"predecessor-version":[{"id":19,"href":"https:\/\/www.jdw-reunisten.nl\/cms\/wp-json\/wp\/v2\/pages\/15\/revisions\/19"}],"wp:attachment":[{"href":"https:\/\/www.jdw-reunisten.nl\/cms\/wp-json\/wp\/v2\/media?parent=15"}],"curies":[{"name":"wp","href":"https:\/\/api.w.org\/{rel}","templated":true}]}}